highest common factor of 6 and c.
6
Suppose 127*a - 79236 = -22*a - 64*a. What is the highest common factor of 156 and a?
12
Suppose -k = -l + 53, -2*k = 2 + 4. Suppose -l = 22*n - 24*n. Suppose -n - 20 = -5*i. Calculate the highest common divisor of 3 and i.
3
Let g be (33/22)/(6/4). Let s(u) = -248*u - g + 249*u - 9 + 1. Let l be s(24). What is the highest common factor of l and 105?
15
Let r = 8791 + -1730. What is the highest common factor of 23 and r?
23
Let u be 1 + -1 - (-8 + -1). Let z be (-8)/2 - -1*5*2. Calculate the highest common factor of z and u.
3
Let y(k) = -k**3 - 9*k**2 + 18*k - 36. Let t be y(-11). Suppose -4*s + 567 = -h, 11*h - t*h = -2*s + 273. Calculate the highest common factor of 188 and s.
47
Let w = 56 + -53. Suppose -w*j = 257 - 914. Suppose -5*u + 46 = -j. What is the highest common factor of 424 and u?
53
Suppose 2*n = 6 + 2. Suppose -n*v + 5*v - 4*h = 26, -5*h + 30 = 5*v. Let t = 335 + -245. Calculate the greatest common divisor of t and v.
10
Let s = -166 - -246. Suppose 0 = -657789*r + 657834*r - 2700. What is the greatest common factor of r and s?
20
Let f = 11146 - 11108. What is the greatest common divisor of 1691 and f?
19
Suppose 0 = 4*v + 8, -17*q + 12*q + 49 = 3*v. Suppose 12*p - q*p = 12. Suppose -l - 29 + 113 = 0. Calculate the greatest common divisor of p and l.
12
Let t be (-4)/6 - (-124)/6. Suppose -5*y - 5*z + 310 = 0, -3*y - 5*z - 815 = -1005. What is the greatest common factor of y and t?
20
Let l(y) = -y**3 - y**2 - 6*y - 8. Let s be l(-6). Suppose -1248 = s*u - 212*u. Calculate the highest common factor of 13 and u.
13
Suppose -5*h + 8*n = 4*n - 61, 2*h - 5*n - 38 = 0. Let x(m) = -m**3 + 8*m**2 + 15*m - 22. Let p be x(h). Calculate the greatest common factor of p and 24.
8
Suppose 2 - 24 = -2*z. Suppose s - 5*t = z + 21, -2*t = -5*s + 91. Let k be (-20)/(((-920)/(-272))/(-23)). Calculate the greatest common divisor of s and k.
17
Suppose -507 + 152 = -11*x + 426. What is the greatest common divisor of 568 and x?
71
Let q(z) = -2*z**2 + 5*z - 2. Let v be q(2). Let r(n) = n + 8. Let p be r(v). What is the greatest common divisor of 56 and p?
8
Let x be 5 - ((-35)/(-7) - 55). Suppose n = 3*q + q - 43, 5*q - x = n. Suppose -3*c - 11 = -29. Calculate the greatest common divisor of q and c.
6
Suppose 4*i - 529 = 491. Let t(a) = -a**3 + 23*a**2 + 28*a - 81. Let m be t(24). Calculate the highest common divisor of m and i.
15
Let o(r) = -16*r + 63*r**2 + 77*r**2 + 70*r**2 - r**3 - 226*r**2 + 7. Let a = 8 - 23. Let p be o(a). Calculate the highest common factor of p and 110.
22
Suppose 0 = -13*n + 1331 + 21. What is the greatest common divisor of n and 754?
26
Let w(v) = 4*v + 12. Let s be w(2). Suppose -s*n + 7*n = -546. Calculate the greatest common factor of n and 112.
14
Let f(i) = i**3 + 6*i**2 + 2*i - 6. Let x be f(2). Suppose -2*c = -c - 330. Calculate the highest common divisor of c and x.
30
Let q be (600/(-48))/(25/(-530)). Let t be 0*(-1)/1 - -5. What is the greatest common divisor of q and t?
5
Let u be (-596)/298*(-44 - 1). What is the highest common divisor of u and 27?
9
Suppose 61*g = 66*g + 40. Let h be (-2)/(3/108*g/3). Suppose -53*a + 54*a - 27 = 0. Calculate the greatest common divisor of a and h.
27
Let n = 3501 - 3212. What is the highest common divisor of 1853 and n?
17
Let x = -49 + 82. Suppose 2*q - x = -q. Let z = q - 8. What is the greatest common factor of z and 1?
1
Let j be 86523/6 + 5*(-21)/30. Calculate the greatest common divisor of j and 13.
13
Suppose -3*v = 4*i - 165, 264*i - v = 265*i - 41. What is the highest common factor of i and 18123?
21
Let d = -549 + 558. Let n be (300/d)/(6/18). Calculate the highest common divisor of n and 275.
25
Suppose -10*m = -27*m - 2295. Let d be (4/(-1))/2*1350/m. What is the greatest common factor of d and 10?
10
Let g be 5 + (0 - 12/(-3)). Suppose 0 = -5*h + g + 1. Suppose -406 - 100 = -h*y. What is the greatest common factor of y and 23?
23
Let f(i) = -15*i + 660. Let p be f(42). Calculate the greatest common divisor of 2475 and p.
15
Let h(i) = -20 + 49*i**2 - 106*i**2 - 2*i + i**3 + 52*i**2 + 0*i**3. Let b be h(7). Calculate the greatest common divisor of b and 4.
4
Let a = 103 + -104. Let d be 52/10*(-5)/a. What is the highest common divisor of 182 and d?
26
Let m be (14/4 - 2)/(3/368). Let l = m - 100. Calculate the greatest common factor of 28 and l.
28
Let c(p) = 5*p**2 + 74*p - 124. Let k be c(-17). Calculate the highest common divisor of k and 1911.
21
Let j = 106 + -52. Suppose 1937*v = 1940*v - 18. What is the greatest common factor of v and j?
6
Let h be 21 + (-10 - (-25)/5). Suppose h*r - 58 = 710. Calculate the greatest common divisor of 6 and r.
6
Let j = 3383 - 2330. What is the greatest common divisor of j and 104?
13
Suppose -10*b - 5*b = -60. Let r(v) = -122*v - 5 + 118*v - 7. Let q be r(-11). Calculate the greatest common divisor of q and b.
4
Suppose -31*w + 25*w - 192 = 0. Let c = w + 61. What is the greatest common divisor of 203 and c?
29
Let k = 12655 + -11625. What is the greatest common factor of k and 410?
10
Let c = -27749 - -27761. Calculate the greatest common factor of 9876 and c.
12
Let p be 3/(27/1362) + (-28)/(-42). Let j be (-1)/2 + (-6)/12. Let c be (j/3)/((-3)/171). What is the greatest common divisor of p and c?
19
Let o(m) = 79*m**3 + m. Let f be o(1). Let x be (-5)/(-70)*(-36)/(-9) + (-110)/(-7). What is the highest common factor of f and x?
16
Let w = 373 + -365. What is the highest common factor of 588 and w?
4
Let z(l) = -10*l**2 + 65*l - 13. Let u be z(5). What is the greatest common divisor of 11842 and u?
62
Suppose -5*r + 841 = 4*d, 23*r + 204 = d + 18*r. What is the highest common factor of 304 and d?
19
Let i(x) = 2*x**2 + 13*x + 1. Let g be i(-7). Suppose -5*k - 18*r = -14*r - 2936, 3*k = 5*r + 1732. What is the greatest common divisor of k and g?
8
Let t = 440 + -452. Let k = 87 - t. What is the highest common factor of k and 88?
11
Let i(l) = 66*l**2 - l. Let o be i(1). Suppose 24*j + o = 29*j. Let f(d) = -d**2 - 19*d + 43. Let b be f(-16). What is the highest common factor of j and b?
13
Let i(s) = s**3 + 4*s**2 - 3. Let x be i(3). Let h = -43115 - -43199. Calculate the highest common factor of h and x.
12
Let b be (-378)/(-630) + 2/(-2) + (-606)/(-15). Calculate the highest common divisor of 6520 and b.
40
Suppose 5*z + 5*c = 1485, -z + 3*c = -49 - 260. What is the greatest common factor of 260 and z?
20
Let z be (-75*6/(-36))/(9/36). What is the highest common divisor of 6850 and z?
50
Let t be (-85)/(-2) - (-2)/(-4). Let k be -1*210/(-5) - 0. Calculate the highest common divisor of t and k.
42
Let g = -135 - -131. Let x(r) = -24*r - 1 + 8*r - 11. Let t be x(g). Calculate the greatest common factor of t and 13.
13
Suppose -5*k = a - 610, -3*a = -8*k + 3*k + 610. Let p be (-61)/(32/(-8) + 3). Calculate the greatest common factor of k and p.
61
Suppose -4*j + 4*s + 22 + 30 = 0, 5*j = -s + 77. Suppose c = -3*i + 17 - j, -2*i + 4 = c. Calculate the highest common divisor of 88 and c.
8
Let z(n) = -4*n + 29. Let g be z(6). Suppose -4*h + 629 = 5*m, -g*h + 3*m = -4*h - 153. Suppose 0*y = 4*y - h. What is the greatest common factor of 13 and y?
13
Let u = -6059 + 6063. What is the greatest common divisor of 2476 and u?
4
Let m(z) = -z**3 + 53*z**2 - 19*z + 1327. Let n be m(53). Suppose -4*o + 236 = -4*k, 0 = -9*k + 4*k + 5. What is the highest common factor of n and o?
20
Let u be (-2 - -1)/(7/(-1183)). Suppose -172*k = -u*k - 2208. What is the highest common factor of k and 23?
23
Let n be (7/14 - (-12993)/42) + (-1)/(-7). What is the highest common factor of 1426 and n?
62
Suppose 2*f + t - 42 = 25, -173 = -5*f + 3*t. Let z be 2/((-8)/(-10))*f. Let a be 1/(-7*(-5)/1190). Calculate the greatest common divisor of z and a.
17
Suppose 8 = 2*b, 0 = 5*f - 3*b - 19 - 9. Suppose -56 - 40 = -f*x. Calculate the greatest common divisor of x and 144.
12
Let k = 14328 - 14140. Calculate the greatest common factor of k and 4418.
94
Let j be (-17 + 18)/(-1*(-2)/(-90)). Let p = 47 + j. Suppose 0*u = -p*u - 4*s + 62, -s - 100 = -5*u. What is the greatest common divisor of 147 and u?
21
Let n = 44 + -44. Let h be n/(5/((-20)/(-8))). Suppose -2*g + 38 = -h*g. Calculate the highest common divisor o